git of m?
0
Let b(p) = p**2 + 13*p + 27. Let h be b(-11). What is the units digit of (-1 - (-663)/(-4))*(1 - h)?
7
Let i be ((-240)/(-18) + -12)*(-6)/(-2). Suppose 5*a - i*g - 954 = 2189, 5*a = 5*g + 3145. What is the units digit of a?
7
Let s be (4 - 1)/((-9)/(-48)). Let a(i) = -i**3 + 16*i**2 - 26*i - 8. Let r be a(14). What is the tens digit of (-30)/((r/s)/5*-2)?
6
Let v(y) = -y**3 - 16*y**2 - 16*y - 15. Let k be v(-15). Suppose k = -41*s + 40*s + 253. What is the units digit of s?
3
Suppose 3*d - 36962 = -2*v, -85*d + 49260 = -81*d - 3*v. What is the units digit of d?
8
Suppose 3*m = -m + 16. Suppose 0*d + 4*j = -4*d + m, 0 = -4*d + 4*j + 20. Suppose 4*x - 103 = -r, -r - x - 224 = -d*r. What is the units digit of r?
1
What is the thousands digit of (-1)/(16/2) - 154294408/(-6208)?
4
Let w(r) = 9*r**2 + 153*r - 167. What is the units digit of w(-37)?
3
Let v = -6 - -6. Suppose 3*q - 2*t - 4906 = v, -t = 3*q - 0*t - 4900. What is the units digit of q/26 - 0 - (-2)/13?
3
Suppose 0 = -5*t + 2*q + 379, -2*t - 2*q + 0*q + 160 = 0. Let x(g) = -26*g**3 + 2*g**2 - 5*g + 4. Let r be x(1). Let o = t + r. What is the units digit of o?
2
Let w be ((-68)/2)/(7/(-161)*2). Let l = 572 - w. Let z = 89 + l. What is the units digit of z?
0
Suppose 2078*c - 418336 = 2044*c. What is the hundreds digit of c?
3
Suppose -3*u - 2*u = 0. Let d be (1/3*-647)/((-1054)/102 + 10). Suppose f = 4*o + 5*f - 868, u = 3*o + 2*f - d. What is the hundreds digit of o?
2
Let i be (90/27 - 0)/((-4)/(-6)). Let k be 178/(-1*(-2)/3). Suppose 4*g - 425 = -v, -v - k - 271 = -i*g. What is the units digit of g?
7
Suppose -48 = -3*j + j. Suppose 126*w + j = 128*w. What is the tens digit of (52/w + -3)*(-333)/(-6)?
7
Suppose 5*f + 66 - 101 = 0, 5*i - 14 = -2*f. Suppose -5*p = 4*z - 3955, 2*p - 1 = -11. What is the hundreds digit of (-5)/((-25)/z) - (1 + i)?
1
Suppose -l + 392 = 5*t, -2*l - 20 - 366 = -5*t. Suppose -2*h + 2*i = -t - 42, 0 = 3*h + 5*i - 164. What is the units digit of h?
8
Suppose q - 3*y = 0, 4*q - 7 = -y + 6. Let b be (3/(-6))/(q/24). What is the units digit of 6/b*272/(-24)?
7
Let u be -1*(504 - 3) - -6. Let f = 748 + u. What is the units digit of f?
3
Let u(t) = -82*t - 3. Let q be u(-6). Suppose q = -8*b - 3567. Let a = -361 - b. What is the hundreds digit of a?
1
Suppose -13*x - 329608 = -39*x - 9834. What is the tens digit of x?
9
Let n(u) = -12752*u + 13. What is the thousands digit of n(-3)?
8
Let y(h) = -599*h**3 - h**2 - h. Let r be y(-1). Let s = 853 - r. Suppose -s + 1164 = 14*z. What is the tens digit of z?
6
Suppose s - 3160 = -4*s + 5*o, -2*o - 2526 = -4*s. Let y = s - 162. What is the tens digit of y?
6
Let b(z) = -11589*z - 820. What is the ten thousands digit of b(-5)?
5
What is the hundreds digit of (-4433969)/(-481) + 18/(-78)?
2
Let u = 305 + -289. Suppose -w - z + 12 + 5 = 0, 4*z + 16 = 0. Let l = w + u. What is the units digit of l?
7
Let v(o) = -o**3 - 2*o + 9. Let p = -27 - -22. Let h be v(p). Suppose -q = 5*q - h. What is the units digit of q?
4
Let l = 109 - 104. What is the hundreds digit of 262 - (40/(-100) - 3/l)?
2
Let n(u) = 2*u - 2. Let x be n(1). Suppose x = -k - 4*j - 10, 1 = -j - 2. Suppose -k*f + f + 15 = 0. What is the tens digit of f?
1
Suppose 8*q = 12*q + 9*q. Suppose -699 = -j + 5*h, -h = 5*j - q*h - 3521. What is the tens digit of j?
0
Suppose 2949 - 14799 = -5*z. Let q = z - 931. What is the hundreds digit of q?
4
Let d(t) = t**3 - 21*t**2 + 34*t - 11. Let u be d(20). Let q = -102 + u. What is the hundreds digit of q?
1
Suppose 58*c - 8*c = 614050. What is the tens digit of c?
8
Let x(h) = -1 + h**3 - 3*h**3 + 5*h**2 + 2*h + h**3 - 3*h**2. Let t be x(2). Suppose 36 = t*p - 183. What is the tens digit of p?
7
Let s = -9146 + 16271. What is the units digit of s?
5
Suppose -3 = -35*j + 38*j, -2*b + 22265 = 5*j. What is the thousands digit of b?
1
Let h(y) be the second derivative of -16*y + 1/3*y**3 - 9/2*y**2 - 1/3*y**4 + 0 + 1/10*y**5. What is the tens digit of h(4)?
6
Let z(m) = 84*m**2 - 31*m - 471. What is the ten thousands digit of z(-11)?
1
Let i(n) = -9*n + 103. Let w be i(10). Let h(c) = -c**3 + 13*c**2 + 14*c + 43. What is the tens digit of h(w)?
2
Suppose -4*u = 2*k - 76, -14*k + 11*k - 5*u = -113. Suppose -x - 32 = -k. What is the units digit of x?
4
Let w be (-23 - (-63)/7) + (-2)/1. What is the hundreds digit of ((-2499)/28)/(((-6)/w)/(-3))?
7
Let l = -514 - -369. Let x = -56 - l. What is the tens digit of x?
8
Let a be (-12)/(-10) + 5/(-25). Suppose -3*s = 5*i - 34, s + 8 = 2*i + a. Suppose n = 4*t + 40, t = i*n - 4*t - 155. What is the tens digit of n?
2
Let i = -11177 + 42403. What is the units digit of i?
6
Let c(x) = -165*x**3 - 17*x**2 - 11*x + 17. What is the ten thousands digit of c(-5)?
2
Let w be ((6 + -1)/5)/((-2)/(-10)). Let u(z) = -11 - w + 5 - 10*z. What is the tens digit of u(-7)?
5
Let m(v) = 0*v - 90*v**2 + 89*v**2 + 18 - 2*v - 12*v. Let x be m(-15). Suppose -3*i + 5*l = l - 305, -2*i - x*l + 226 = 0. What is the units digit of i?
7
Let a(m) be the third derivative of 233*m**5/30 + m**4/6 + 5*m**3/6 + 15*m**2 - 1. What is the hundreds digit of a(-1)?
4
Let f = -4713 + 7071. Let t = f + -1641. What is the units digit of t?
7
Let j be 0 - (952/12 - 1/3). Suppose -488 = -3*c + 142. Let a = c + j. What is the tens digit of a?
3
What is the tens digit of 15 + -12 - -887 - 18?
7
Let k(w) = 79*w**2 + 38*w - 251. What is the tens digit of k(8)?
0
Suppose 4*s + 22*d - 26888 = 18*d, 0 = 2*d - 4. What is the thousands digit of s?
6
Let k = -692 - -820. Let w = 515 - k. What is the units digit of w?
7
Let c = 137 - 160. Let p(j) = -j**3 - 24*j**2 - 25*j - 7. What is the units digit of p(c)?
9
Suppose 2*h = 8, -3*t + 3*h - 4*h = -13. Suppose -t*r - 4*f = -3749, -2*r - 5*f - 1256 = -3*r. Suppose -6*m + r - 357 = 0. What is the hundreds digit of m?
1
Let l(s) = -3*s + 65. Suppose 63 + 22 = 5*t - 3*o, -5*o - 35 = -3*t. Let f be l(t). Suppose 4*h + 4*y - 276 = 0, f*y = 4*y. What is the units digit of h?
9
Suppose -11*m + m + 270 = 0. Let g = m + -15. Suppose 5*k - g*b = -8*b + 460, -2*b = 3*k - 298. What is the units digit of k?
6
Let h(g) be the first derivative of g**3/3 - 5*g**2 + 806*g + 10. What is the units digit of h(0)?
6
Let o be (-7)/((-49)/(-210))*(-231)/6. What is the units digit of (o/2)/(1/2)?
5
Suppose 4*h = 2*o + 33380, 5*h + 0*h + 2*o = 41752. What is the tens digit of h?
4
Let n = 191 - 164. What is the tens digit of (2 + -1)/(-1) + 6156/n?
2
Let h be 8/(-72) + 4696/(-18). Let k = 478 + h. What is the hundreds digit of k?
2
Suppose -12*o + 17*o = 3*k - 153430, k - 51134 = 4*o. What is the hundreds digit of k?
1
Let z be ((-55)/22)/((-1)/(-2)*-1). Suppose z*k = -343 - 32. Let a = -37 - k. What is the units digit of a?
8
Let n(o) = -o**2 - 15*o + 19. Let x be n(-12). Suppose 0 = 2*s - 17 - x. Suppose s = 9*j - 441. What is the units digit of j?
3
Suppose -3*k = 3*d - 102, 2*k - 3*k = 0. What is the units digit of 33/(35/14 - 83/d)?
1
Let f(z) = 10*z - 16. Let q(v) = 7*v - 15. Let b(n) = 5*f(n) - 6*q(n). Suppose 7 = 6*a - 23. What is the tens digit of b(a)?
5
Let m(x) = -26*x + 14 + 1 + 12*x + 4*x + 14*x**2. What is the tens digit of m(7)?
3
Let h(s) be the second derivative of 35*s**4/3 - s**3/2 + 11*s**2/2 - 155*s. What is the tens digit of h(2)?
6
Suppose 18*h + 7183 + 240641 = 0. What is the units digit of h/(-24) - 2/3?
3
Let m(q) = 4*q**3 - 8*q**2 + 12*q + 6. What is the thousands digit of m(17)?
7
Let o(b) be the third derivative of -b**6/120 - 2*b**5/15 + b**4/8 + 13*b**3/3 - 93*b**2. What is the tens digit of o(-13)?
3
Let v = 76 + -73. Let b(c) = 92*c**3 - 3*c**2 + 52*c**3 + 13*c**3 + 88*c**v + 2. What is the units digit of b(1)?
4
Let o be 73120/(-44) + (-18)/99. What is the hundreds digit of (38/114)/((-2)/o)?
2
What is the units digit of -12*(-16)/18*(-5946)/(-4) - -5?
1
What is the units digit of 2/20 + (-3519)/690 + 13972/2?
1
Suppose -2*m = 5*t - 1330, -651 = 2*m - 3*m + t. Let s = 1542 - m. What is the hundreds digit of s?
8
Suppose -2*m + 10*m + 720 = 0. Let x = m - -91. What is the hundreds digit of (254 - x)*(-2)/(0 - 2)?
2
Suppose 0 = 564*j - 570*j + 33078. What is the hundreds digit of j?
5
Suppose 3*u + 4*s - 122768 = 0, 0 = -18*u + 3*u + 4*s + 614008. What is the tens digit